 + 6. Determine f(5).
16
Let x(w) = -w**2 + 10*w + 2. What is x(6)?
26
Let g(m) = -12*m**2 - 4*m - 5. What is g(-1)?
-13
Let c(l) = l**2 - 3*l. Determine c(6).
18
Let p(z) = -8*z - 16. Calculate p(5).
-56
Let b(p) = -30*p**3 - p - 2. Calculate b(-1).
29
Let z(y) = y**3 - 54*y**2 + 534*y - 41. Determine z(41).
0
Let r(n) = n**3 - 4*n**2 + 1. Give r(3).
-8
Let n(a) = a**2 + 9*a + 10. Determine n(-8).
2
Let i(q) = -q**2 - 8*q - 9. Give i(-7).
-2
Let b(k) = -k**3 + 7*k**2 - 3*k - 2. Calculate b(5).
33
Let f(n) = -15*n + 96. What is f(6)?
6
Let f(j) = j**3 + 7*j**2 - 5. Determine f(-6).
31
Let y(g) = -g**3 + 5*g**2 + g + 5. Calculate y(4).
25
Let k(u) = 20*u + 197. What is k(-9)?
17
Let s(a) = -5*a + 1. Determine s(1).
-4
Let g(a) = -a**3 + 22*a**2 + a - 28. Give g(22).
-6
Let x(k) = k**2 + 31*k - 27. Give x(-32).
5
Let f(d) = -d**3 + 8*d**2 - 10*d + 16. Give f(7).
-5
Let r(m) = m**2 + 6*m + 16. What is r(-9)?
43
Let c(n) = n**3 + 11*n**2 - 14*n - 19. Determine c(-11).
135
Let q(t) = t**3 - 14*t**2 - 11*t + 1. Give q(15).
61
Let w(o) = 4*o - 14. What is w(4)?
2
Let l(w) = -2*w**2 - 9*w + 17. Determine l(8).
-183
Let t(x) = x**3 - 8*x**2 + 5*x + 18. Calculate t(6).
-24
Let h(y) = 3*y + 37. What is h(-16)?
-11
Let n(j) = -j**2 + 2*j - 5. Give n(4).
-13
Let p(b) = -b**3 - 8*b**2 + 7*b + 6. Calculate p(-10).
136
Let t(a) = -3*a**2 - 14*a - 21. What is t(-5)?
-26
Let r(d) = -d**2 - 36*d - 74. What is r(-34)?
-6
Let g(m) = 44*m + 28. Determine g(-1).
-16
Let a(o) = -2*o**3 - 87*o**2 - 47*o - 175. What is a(-43)?
-3
Let i(y) = y**3 - 6*y**2 - 10*y + 6. Calculate i(7).
-15
Let f(x) = x**2 + 3*x + 4. Calculate f(4).
32
Let o(d) = -30*d**3 - 2*d**2 + 5*d - 5. Give o(2).
-243
Let y(q) = 3*q - 67. Determine y(21).
-4
Let f(p) = -3*p + 2. Determine f(7).
-19
Let f(d) = -d**2 - 5*d - 10. Calculate f(-4).
-6
Let s(v) = v + 5. Determine s(-4).
1
Let h(f) = -4*f + 7. Give h(10).
-33
Let u(l) = l**3 + l**2 - 3*l - 17. Determine u(3).
10
Let a(y) = 12*y**3 - y + 1. Calculate a(1).
12
Let o(u) = 13*u + 101. Give o(-11).
-42
Let q(t) = 2*t**2 - 13*t + 21. Give q(7).
28
Let x(c) = -3*c + 7. Calculate x(-5).
22
Let n(l) = -2*l**2 + 13*l + 26. Determine n(8).
2
Let s(r) = r**2 - 4*r - 35. Give s(8).
-3
Let f(z) = z**3 + 61*z**2 + 54*z - 369. What is f(-60)?
-9
Let v(g) = g**3 - g**2 - 2*g + 4. Give v(2).
4
Let r(z) = -z - 13. What is r(-9)?
-4
Let t(q) = -q**3 + 5*q**2 + 2*q - 3. Calculate t(4).
21
Let v(u) = -u**2 + 5*u + 3. Determine v(0).
3
Let r(k) = -3*k + 19. Calculate r(7).
-2
Let q(w) = w**2 + w - 13. Determine q(0).
-13
Let z(x) = 8*x**2 + 2*x - 1. Determine z(3).
77
Let j(q) = 9*q + 130. Give j(-15).
-5
Let g(p) = p**2 + 46*p + 156. What is g(-42)?
-12
Let z(u) = -u**2 + 14*u + 21. Determine z(-6).
-99
Let h(m) = m - 2. Calculate h(-9).
-11
Let i(n) = -3*n - 166. Give i(-54).
-4
Let v(j) = j + 32. Give v(-14).
18
Let u(h) = 18*h + 11. Determine u(-3).
-43
Let i(q) = -23*q**2. Determine i(1).
-23
Let z(p) = -p**3 + 5*p**2 + 3*p - 8. Calculate z(5).
7
Let r(y) = y**3 + 12*y**2 + 7*y + 23. Determine r(-11).
67
Let j(z) = -51*z + 8. What is j(1)?
-43
Let c(q) = -q**3 - 6*q**2 - 7*q - 1. What is c(-5)?
9
Let f(c) = c**3 - 31*c**2 + 30*c + 8. Give f(30).
8
Let r(g) = g**2 + 10*g + 22. Calculate r(-8).
6
Let t(y) = -y**2 - 4*y - 4. What is t(-8)?
-36
Let i(o) = -15*o + 2. What is i(2)?
-28
Let h(p) = -5*p**2 - 3*p - 4. What is h(0)?
-4
Let j(l) = -l**2 - 17*l + 19. Give j(-20).
-41
Let a(m) = -m**3 + 13*m**2 + 11*m + 14. Give a(14).
-28
Let d(k) = k**3 + 29*k**2 + 53*k - 32. What is d(-27)?
-5
Let y(n) = 4*n - 2. What is y(1)?
2
Let l(n) = -n**2 + 4*n + 1014. Determine l(-30).
-6
Let l(c) = -2*c**2 - 107*c + 64. Determine l(-54).
10
Let n(s) = -s**3 + 14*s**2 + 13*s + 34. What is n(15)?
4
Let o(w) = -w**3 + 4*w**2 - 3*w. What is o(2)?
2
Let r(o) = o + 5. Give r(-10).
-5
Let t(c) = -c**2 - 11*c + 20. Calculate t(-9).
38
Let y(t) = t**3 + 15*t**2 - 13*t + 37. What is y(-16)?
-11
Let y(r) = 18*r**2 - 1. Determine y(-1).
17
Let t(n) = 8*n + 21. Determine t(-5).
-19
Let x(q) = q**3 - 2*q**2 + 2*q + 10. Give x(0).
10
Let x(d) = -8*d**2 + 3*d + 2. What is x(-1)?
-9
Let v(p) = -p**3 + 3*p**2 + 7*p - 7. Calculate v(4).
5
Let q(t) = 5*t + 134. What is q(-28)?
-6
Let f(q) = -q**3 + 8*q**2 + 4*q - 14. Give f(8).
18
Let m(x) = -7*x**3 + 4*x**2 + 9*x - 12. Give m(1).
-6
Let t(h) = -2*h + 2. Determine t(22).
-42
Let j(i) = -10*i**2 + 3*i - 5. Calculate j(3).
-86
Let a(o) = o**2 - 8*o - 4. Calculate a(9).
5
Let r(v) = v**3 + 12*v**2 + 39*v + 10. Give r(-6).
-8
Let m(o) = o**3 + 5*o**2 + 19*o + 58. Determine m(-4).
-2
Let b(h) = -h - 26. Give b(-17).
-9
Let c(l) = -2*l**3 - l + 2. What is c(2)?
-16
Let p(o) = -o**2 - 71*o - 1173. Give p(-45).
-3
Let u(l) = 11*l - 54. Determine u(5).
1
Let c(z) = z**3 - 3*z**2 - 9*z + 14. Determine c(4).
-6
Let n(v) = v + 13. Determine n(0).
13
Let i(a) = -a**2 - 5*a - 3. Give i(-2).
3
Let k(n) = -n + 2. What is k(6)?
-4
Let l(d) = -d**3 + 11*d**2 - 10*d - 8. What is l(8)?
104
Let a(p) = -p**3 - 5*p**2 - 7*p + 3. Calculate a(-5).
38
Let y(r) = -r**3 - 3*r**2 - r. Give y(-2).
-2
Let o(t) = -t**3 + 4*t**2 + 3*t - 1. What is o(5)?
-11
Let n(c) = c**3 + 5*c**2 - 4*c + 7. Determine n(-6).
-5
Let y(k) = k**2 - 5*k - 2. Calculate y(9).
34
Let m(x) = 9*x + 1. What is m(3)?
28
Let w(u) = 13*u - 63. Give w(14).
119
Let l(f) = f**2 - 6*f - 13. Give l(8).
3
Let g(x) = -x**2 + 3*x + 20. Give g(9).
-34
Let m(f) = -12*f + 17. Give m(4).
-31
Let c(h) = 13*h - 23. Give c(-6).
-101
Let q(k) = k**2 + 8*k - 3. What is q(-8)?
-3
Let q(o) = o**3 - 9*o**2 + o - 8. Calculate q(9).
1
Let j(x) = -2*x**3 + x**2 + 5*x - 3. Calculate j(2).
-5
Let c(n) = -2*n**2 + 28*n + 22. Calculate c(15).
-8
Let w(x) = -63*x - 14. What is w(0)?
-14
Let j(w) = 12*w - 373. Calculate j(31).
-1
Let s(p) = -p**3 - 29*p**2 - 30*p - 68. Determine s(-28).
-12
Let g(f) = f**3 + 56*f**2 + 160*f + 57. What is g(-53)?
4
Let j(f) = -f**2 - 5*f + 16. Determine j(-6).
10
Let w(r) = 2*r + 17. Calculate w(-13).
-9
Let f(u) = 2*u**3 + 3*u**2 - 1. Determine f(-3).
-28
Let r(x) = 30*x + 1. What is r(1)?
31
Let x(s) = 2*s**3 - 5*s**2 - s + 5. Give x(-3).
-91
Let q(r) = r**2 - 5*r - 1. What is q(5)?
-1
Let v(o) = 5*o - 19. Give v(5).
6
Let d(b) = -b**3 - 7*b**2 + 8*b - 1. Give d(-8).
-1
Let z(p) = 10*p**2 - 65*p - 7. Calculate z(6).
-37
Let k(c) = -c**2 - 7*c + 16. Calculate k(-9).
-2
Let v(o) = -o**3 - 9*o**2 - 10*o - 9. What is v(-8)?
7
Let c(k) = 2*k + 13. Determine c(6).
25
Let i(m) = 2*m**2 + 14*m + 17. Give i(-6).
5
Let o(t) = -t**3 + 14*t**2 - 15*t + 207. Calculate o(14).
-3
Let b(v) = -v**3 - 10*v**2 + 35*v - 58. Calculate b(-13).
-6
Let t(n) = 6*n - 12. What is t(3)?
6
Let w(c) = -2*c**2 + c - 4. Give w(5).
-49
Let y(j) = j**3 - 8*j**2 + 9*j - 2. Determine y(7).
12
Let t(f) = 3*f**2 - f - 4. What is t(2)?
6
Let b(w) = -44*w - 270. Determine b(-6).
-6
Let k(l) = l**3 + 2*l**2 - l + 4. Give k(-5).
-66
Let x(g) = 3*g**2 + 12*g - 7. Give x(-4).
-7
Let c(d) = 2*d**2 + d + 1. What is c(-5)?
46
Let c(n) = n**3 + 7*n**2. Calculate c(-7).
0
Let x(s) = -7*s - 11. Determine x(-5).
24
Let x(y) = 36*y + 1. What is x(2)?
73
Let j(g) = g**3 + 11*g**2 + 11*g + 11. Calculate j(-10).
1
Let r(i) = -14*i**2 + i + 1. Give r(-1).
-14
Let q(y) = 7*y + 212. Calculate q(-26).
30
Let r(g) = 5*g**3 + g**2 + 1. Give r(0).
1
Let r(p) = 5*p**2 - 36*p + 66. What is r(2)?
14
Let n(w) = w**2 - w - 13. What is n(0)?
-13
Let b(i) = -i**3 + 22*i**2 + 26*i - 71. Determine b(23).
-2
Let f(z) = 2*z**3 + 3*z**2 - 5*z + 9. Give f(-4).
-51
Let i(a) = 6*a**3 - 4*a**2 + 1. Determine i(-1).
-9
Let l(v) = -v**3 - 14*v**2 - 13*v - 18. Determine l(-13).
-18
Let c(s) = -3*s**2 + 4*s - 2. What is c(2)?
-6
Let i(r) = 43*r**2 + 6*r + 7. Determine i(-1).
44
Let a(y) = -y**3 - 4*y**2 + y + 3. What is a(-5)?
23
Let j(b) = -b**2 - 13*b + 7. Give j(-11).
29
Let f(d) = 13*d + 28. Determine f(-2).
2
Let c(j) = -j**3 + 22*j**2 - 21*j - 1. Calculate c(21).
-1
Let r(y) = y**2 - 4*y. Calculate r(2).
-4
Let q(y) = -y + 11. Give q(14).
-3
Let v(k) = -k**2 - 4*k + 37. Determine v(10).
-103
Let c(p) = 7*p + 4. Calculate c(-2).
-10
Let j(l) = l**2 + 22*l - 50. Determine j(-24).
-2
Let c(i) = i**2 - 11*i - 22. Determine c(13).
4
Let z(v) = -v**3 - 4*v**2 + 4*v + 2. Determ